{"id":218,"date":"2026-03-10T16:24:59","date_gmt":"2026-03-10T15:24:59","guid":{"rendered":"https:\/\/www.scot-biterrois.fr\/?page_id=218"},"modified":"2026-03-11T16:16:49","modified_gmt":"2026-03-11T15:16:49","slug":"slgitc","status":"publish","type":"page","link":"https:\/\/www.scot-biterrois.fr\/index.php\/slgitc\/","title":{"rendered":"Qu&rsquo;est-ce que la SLGITC ?"},"content":{"rendered":"\n<p><mark style=\"background-color:rgba(0, 0, 0, 0)\" class=\"has-inline-color has-primary-color\">STRAT\u00c9GIE LOCALE DE GESTION INT\u00c9GR\u00c9E DU TRAIT DE COTE ET DE LA RECOMPOSITION SPATIALE SUR LE LITTORAL OUEST H\u00c9RAULT<\/mark><\/p>\n\n\n\n<p><em>en cours de construction<\/em><\/p>\n\n\n\n<p>L&rsquo;\u00e9laboration de la Strat\u00e9gie Locale de Gestion Int\u00e9gr\u00e9e du Trait de C\u00f4te\u00a0un objectif du Document d&rsquo;Orientation et d&rsquo;Objectifs du SCoT :<\/p>\n\n\n\n<p><strong>&#8211;> Objectif B9.8 : Repenser, co-construire et planifier l\u2019am\u00e9nagement du littoral de demain<\/strong><\/p>\n\n\n\n<p>Le Syndicat Mixte du SCoT s\u2019engage, dans le cadre du Plan <strong>d\u2019Adaptation aux Changements Climatique du Littoral d\u2019Occitanie<\/strong> (PACCLO) aux c\u00f4t\u00e9s de la R\u00e9gion Occitanie et du Pr\u00e9fet de r\u00e9gion par le <strong>Plan littoral 21 <\/strong>\u00e0 contribuer \u00e0 <strong>l\u2019appropriation et \u00e0 la mise en \u0153uvre de la recomposition spatiale<\/strong>. Cela implique de s\u2019inscrire dans un nouveau projet de territoire par la construction de prospectives partag\u00e9es, et qui ne se r\u00e9duit pas \u00e0 la relocalisation in\u00e9vitable d\u2019enjeux ou \u00e0 la mise en place d\u2019ouvrages de d\u00e9fense.<\/p>\n\n\n\n<p>Ces nouveaux projets \u00e0 construire doivent \u00eatre pens\u00e9s \u00e0 des \u00e9chelles de gestion qui soient coh\u00e9rentes du point de vue de l\u2019hydromorphologie (cellules s\u00e9dimentaires, en particulier) et qui facilitent la collaboration des collectivit\u00e9s et des parties prenantes. Le littoral du SCoT du Biterrois r\u00e9pond justement \u00e0 cette exigence.<\/p>\n\n\n\n<p>Ainsi, <strong>le SCoT d\u00e9finira une strat\u00e9gie locale de gestion int\u00e9gr\u00e9e du trait de c\u00f4te impliquant des actions op\u00e9rationnelles et localis\u00e9es. Elle pourra, de plus, int\u00e9grer le volet littoral du SCoT de mani\u00e8re \u00e0 renforcer mutuellement leur port\u00e9e.<\/strong><\/p>\n\n\n\n<p>La mise en place de <strong>strat\u00e9gies locales de gestion int\u00e9gr\u00e9e du trait de c\u00f4te et de recomposition spatiale (SLGITC) <\/strong>s\u2019inscrit dans ce contexte, en lien avec les \u00e9volutions r\u00e9centes des doctrines li\u00e9es aux risques c\u00f4tiers, port\u00e9es notamment par la loi \u00ab&nbsp;Elan&nbsp;\u00bb (2018), le rapport du d\u00e9put\u00e9 Buchou (2019) et la loi \u00ab&nbsp;climat et r\u00e9silience&nbsp;\u00bb (2021).<\/p>\n\n\n\n<p>Il s\u2019agit aussi de poursuivre la d\u00e9clinaison de la strat\u00e9gie nationale de gestion int\u00e9gr\u00e9e du trait de c\u00f4te (SNGITC, MEDDE, 2012).<\/p>\n\n\n\n<p>Il s\u2019agit \u00e9galement d\u2019\u00eatre en compatible au Document Strat\u00e9gique de Fa\u00e7ades (DSF) et r\u00e9pondre aux objectifs&nbsp;: W. Anticiper et g\u00e9rer les risques littoraux, S. Prot\u00e9ger, pr\u00e9server et mettre en valeur le paysage et le patrimoine m\u00e9diterran\u00e9en, V. Accompagner les acteurs \u00e9conomiques, maritime et l\u2019ensemble des usagers de la mer dans la transition \u00e9cologique, \u00e9nerg\u00e9tique et num\u00e9rique.<\/p>\n\n\n\n<p>Il s\u2019agit enfin de respecter les r\u00e8gles du SRADDET OCCITANIE 2040 sur le littoral et la recomposition spatiale, en lien avec l\u2019att\u00e9nuation de globale de la vuln\u00e9rabilit\u00e9.<\/p>\n\n\n\n<p>Dans le d\u00e9coupage du littoral Occitan faite dans le cadre du PL21, le Syndicat Mixte du SCoT du Biterrois a \u00e9t\u00e9 d\u00e9fini pour mener la SLGITC \u00e0 l\u2019\u00e9chelle du territoire du littoral Ouest H\u00e9rault, donc des 6 communes littorales&nbsp;: <strong>Vendres, Valras-Plage, S\u00e9rignan, Portiragnes, Vias, Agde<\/strong>, repr\u00e9sentant environ <strong>30 km de lin\u00e9aire c\u00f4tier,<\/strong> permettant d\u2019int\u00e9grer l\u2019\u00e9chelle de l\u2019unit\u00e9 hydro-s\u00e9dimentaire du Narbonnais en se concentrant sur la fa\u00e7ade littorale entre Agde et Vendres compos\u00e9e des cellules s\u00e9dimentaires de l\u2019Orb, l\u2019H\u00e9rault et la digue Richelieu et celle du SCoT du Biterrois de fa\u00e7on \u00e0 articuler la gestion des risques littoraux et l\u2019am\u00e9nagement du territoire.<\/p>\n\n\n\n<p><\/p>\n\n\n\n<p>Les partenaires :<\/p>\n\n\n\n<figure class=\"wp-block-gallery has-nested-images columns-default is-cropped wp-block-gallery-1 is-layout-flex wp-block-gallery-is-layout-flex\"><\/figure>\n\n\n\n<p><\/p>\n","protected":false},"excerpt":{"rendered":"<p>STRAT\u00c9GIE LOCALE DE GESTION INT\u00c9GR\u00c9E DU TRAIT DE COTE ET DE LA RECOMPOSITION SPATIALE SUR LE LITTORAL OUEST H\u00c9RAULT en cours de construction L&rsquo;\u00e9laboration de la Strat\u00e9gie Locale de Gestion Int\u00e9gr\u00e9e du Trait de C\u00f4te\u00a0un objectif du Document d&rsquo;Orientation et d&rsquo;Objectifs du SCoT : &#8211;> Objectif B9.8 : Repenser, co-construire et planifier l\u2019am\u00e9nagement du littoral [&hellip;]<\/p>\n","protected":false},"author":1,"featured_media":0,"parent":0,"menu_order":0,"comment_status":"closed","ping_status":"closed","template":"","meta":{"footnotes":""},"class_list":["post-218","page","type-page","status-publish","hentry"],"_links":{"self":[{"href":"https:\/\/www.scot-biterrois.fr\/index.php\/wp-json\/wp\/v2\/pages\/218","targetHints":{"allow":["GET"]}}],"collection":[{"href":"https:\/\/www.scot-biterrois.fr\/index.php\/wp-json\/wp\/v2\/pages"}],"about":[{"href":"https:\/\/www.scot-biterrois.fr\/index.php\/wp-json\/wp\/v2\/types\/page"}],"author":[{"embeddable":true,"href":"https:\/\/www.scot-biterrois.fr\/index.php\/wp-json\/wp\/v2\/users\/1"}],"replies":[{"embeddable":true,"href":"https:\/\/www.scot-biterrois.fr\/index.php\/wp-json\/wp\/v2\/comments?post=218"}],"version-history":[{"count":4,"href":"https:\/\/www.scot-biterrois.fr\/index.php\/wp-json\/wp\/v2\/pages\/218\/revisions"}],"predecessor-version":[{"id":249,"href":"https:\/\/www.scot-biterrois.fr\/index.php\/wp-json\/wp\/v2\/pages\/218\/revisions\/249"}],"wp:attachment":[{"href":"https:\/\/www.scot-biterrois.fr\/index.php\/wp-json\/wp\/v2\/media?parent=218"}],"curies":[{"name":"wp","href":"https:\/\/api.w.org\/{rel}","templated":true}]}}