{"id":91,"date":"2024-03-01T19:03:32","date_gmt":"2024-03-01T18:03:32","guid":{"rendered":"http:\/\/scotbiv.cluster030.hosting.ovh.net\/?page_id=91"},"modified":"2025-10-23T09:58:19","modified_gmt":"2025-10-23T07:58:19","slug":"le-scot-executoire","status":"publish","type":"page","link":"https:\/\/www.scot-biterrois.fr\/index.php\/le-scot-executoire\/","title":{"rendered":"Le SCoT ex\u00e9cutoire"},"content":{"rendered":"\n<p>Le p\u00e9rim\u00e8tre du SCoT du Biterrois a \u00e9t\u00e9 fix\u00e9 par arr\u00eat\u00e9 Pr\u00e9fectoral le 11 juin 2003. Ce territoire rassemble 87 communes, int\u00e9gr\u00e9es au sein de cinq \u00c9tablissements Publics de Coop\u00e9ration Intercommunale.<\/p>\n\n\n\n<p>Ce bassin de vie se situe \u00e0 l\u2019Ouest du d\u00e9partement de l\u2019H\u00e9rault, et rassemble 280 000 habitants. Il s\u2019\u00e9tend du Parc Naturel R\u00e9gional du Haut Languedoc au Nord jusqu\u2019\u00e0 la mer M\u00e9diterran\u00e9e au Sud, et du d\u00e9partement de l\u2019Aude \u00e0 l\u2019Ouest au Bassin de Thau \u00e0 l\u2019Est.<\/p>\n\n\n\n<p>Le SCoT permet de d\u00e9velopper une action collective sur un territoire caract\u00e9ris\u00e9 par des particularit\u00e9s locales marqu\u00e9es et de nombreuses interd\u00e9pendances.<\/p>\n\n\n\n<p>Le premier SCoT a \u00e9t\u00e9 approuv\u00e9 le 26 juin 2013 et sa r\u00e9vision a \u00e9t\u00e9 approuv\u00e9e le 3 juillet 2023.<\/p>\n\n\n\n<p>Son contenu l\u00e9gal et r\u00e9glementaire se mat\u00e9rialise par trois documents obligatoires dont les opposables : le DOO et le DAAC.<\/p>\n\n\n\n<p>Les pi\u00e8ces sont t\u00e9l\u00e9chargeables s\u00e9par\u00e9ment via les liens ci-apr\u00e8s et \u00e9galement en un seul dossier via le site du portail national du l\u2019urbanisme (archive compl\u00e8te).<\/p>\n\n\n\n<h2 class=\"wp-block-heading\">1 &#8211; Le rapport de pr\u00e9sentation<\/h2>\n\n\n\n<p><br>Il constitue le diagnostic du territoire \u00e9tabli au regard des pr\u00e9visions \u00e9conomiques et d\u00e9mographiques, des besoins en mati\u00e8re de d\u00e9veloppement \u00e9conomique, d\u2019am\u00e9nagement de l\u2019espace, d\u2019environnement, d\u2019\u00e9quilibre social de l\u2019habitat, des transports et de l\u2019\u00e9quipement.<\/p>\n\n\n\n<p>Il permet d\u2019identifier les atouts et les faiblesses du territoire, les incidences du projet en particulier sur l\u2019environnement, et a \u00e9galement un r\u00f4le explicatif sur les choix effectu\u00e9s pour \u00e9tablir le PADD et le DOO.<\/p>\n\n\n\n<p>T\u00e9l\u00e9charger les pi\u00e8ces du rapport de pr\u00e9sentation<\/p>\n\n\n\n<p><mark style=\"background-color:rgba(0, 0, 0, 0)\" class=\"has-inline-color has-primary-color\"><strong>1. Diagnostic et Etat initial de l\u2019Environnement<\/strong><\/mark><\/p>\n\n\n\n<ul class=\"wp-block-list\">\n<li><strong><em><a href=\"http:\/\/www.scot-biterrois.fr\/DATA\/RP.1-0%20Propos%20introductifs%20-%20App.03-07-2023.pdf\" data-type=\"link\" data-id=\"http:\/\/scotbiv.cluster030.hosting.ovh.net\/DATA\/RP.1-0%20Propos%20introductifs%20-%20App.03-07-2023.pdf\" target=\"_blank\" rel=\"noreferrer noopener\">Propos introductif<\/a><a href=\"http:\/\/scotbiv.cluster030.hosting.ovh.net\/DATA\/RP.1-0%20Propos%20introductifs%20-%20App.03-07-2023.pdf\" data-type=\"link\" data-id=\"http:\/\/scotbiv.cluster030.hosting.ovh.net\/DATA\/RP.1-0%20Propos%20introductifs%20-%20App.03-07-2023.pdf\">s<\/a><\/em><\/strong><\/li>\n\n\n\n<li><a href=\"http:\/\/www.scot-biterrois.fr\/DATA\/RP.1-1%20Chapitre%201%20-%20App.03-07-2023.pdf\" data-type=\"link\" data-id=\"http:\/\/scotbiv@ftp.cluster030.hosting.ovh.net\/www\/DATA\/RP.1-0%20Propos%20introductifs%20-%20App.03-07-2023.pdf\" target=\"_blank\" rel=\"noreferrer noopener\"><strong>Chapitre 1 :<\/strong> Un territoire riche de paysages diversifi\u00e9s supports touristiques<\/a><\/li>\n\n\n\n<li><a href=\"http:\/\/www.scot-biterrois.fr\/DATA\/RP.1-2%20Chapitre%202%20-%20App.03-07-2023.pdf\" target=\"_blank\" rel=\"noreferrer noopener\"><strong>Chapitre 2 : <\/strong>Un territoire attractif (d\u00e9mographie et logement)<\/a><\/li>\n\n\n\n<li><a href=\"http:\/\/www.scot-biterrois.fr\/DATA\/RP.1-3%20Chapitre%203%20-%20App.03-07-2023.pdf\" target=\"_blank\" rel=\"noreferrer noopener\"><strong>Chapitre 3 :<\/strong> Un territoire mobile, maill\u00e9 par de nombreux r\u00e9seaux de transports<\/a><\/li>\n\n\n\n<li><a href=\"http:\/\/www.scot-biterrois.fr\/DATA\/RP.1-4%20Chapitre%204%20-%20App.03-07-2023.pdf\" target=\"_blank\" rel=\"noreferrer noopener\"><strong>Chapitre 4 :<\/strong> Un territoire support de d\u00e9veloppement \u00e9conomique et d&rsquo;innovation<\/a><\/li>\n\n\n\n<li><a href=\"http:\/\/www.scot-biterrois.fr\/DATA\/RP.1-5%20Chapitre%205%20-%20App.03-07-2023.pdf\" target=\"_blank\" rel=\"noreferrer noopener\"><strong>Chapitre 5 :<\/strong> Un territoire lieu de vie en mutation <em>(dont l\u2019analyse de la consommation d\u2019espace pass\u00e9e<\/em><\/a><em>)<\/em> + <a href=\"http:\/\/www.scot-biterrois.fr\/DATA\/RP.1.5%20Chapitre%205_%20Annexe%20Potentiel%20de%20densification-%20App.03-07-2023.pdf\" target=\"_blank\" rel=\"noreferrer noopener\">Les pi\u00e8ces graphiques du Potentiel de densification<\/a><\/li>\n<\/ul>\n\n\n\n<p><mark style=\"background-color:rgba(0, 0, 0, 0)\" class=\"has-inline-color has-primary-color\"><strong><a href=\"http:\/\/scot-biterrois.fr\/DATA\/RP.2.%20Justifications%20-%20App.03-07-2023.pdf\" target=\"_blank\" rel=\"noreferrer noopener\">2. Explications et justifications des choix retenus pour \u00e9tablir le PADD et le DOO<\/a><\/strong> <\/mark><\/p>\n\n\n\n<p><strong><mark style=\"background-color:rgba(0, 0, 0, 0)\" class=\"has-inline-color has-primary-color\"><a href=\"http:\/\/www.scot-biterrois.fr\/DATA\/RP.3.Articulation%20-%20App.03-07-2023.pdf\" target=\"_blank\" rel=\"noreferrer noopener\">3. Articulation du SCoT avec les autres plans et programmes<\/a> <\/mark><\/strong><\/p>\n\n\n\n<p><strong><mark style=\"background-color:rgba(0, 0, 0, 0)\" class=\"has-inline-color has-primary-color\">4. \u00c9valuation environnementale<\/mark><\/strong><\/p>\n\n\n\n<ul class=\"wp-block-list\">\n<li><a href=\"http:\/\/www.scot-biterrois.fr\/DATA\/RP.4-1.Eval_AnalyseIncidences%20-%20App.03-07-2023.pdf\" target=\"_blank\" rel=\"noreferrer noopener\">Analyse des incidences du SCoT (dont Natura 200)<\/a><\/li>\n\n\n\n<li><a href=\"http:\/\/www.scot-biterrois.fr\/DATA\/RP.4-2.Eval_R%C3%A9sumeNonTech%20-%20App.03-07-2023.pdf\" target=\"_blank\" rel=\"noreferrer noopener\">R\u00c9SUM\u00c9 NON TECHNIQUE<\/a><\/li>\n<\/ul>\n\n\n\n<p><mark style=\"background-color:rgba(0, 0, 0, 0)\" class=\"has-inline-color has-primary-color\"><strong><a href=\"http:\/\/www.scot-biterrois.fr\/DATA\/RP.5.Indicateurs%20de%20suivi%20-%20App.03-07-2023.pdf\" target=\"_blank\" rel=\"noreferrer noopener\">5. Indicateurs de suivi du SCoT<\/a><\/strong><\/mark><\/p>\n\n\n\n<h2 class=\"wp-block-heading\">2 &#8211; Le Projet d\u2019Am\u00e9nagement et de D\u00e9veloppement Durable<\/h2>\n\n\n\n<p>Le PADD est le document du SCoT qui articule les choix politiques des \u00e9lus en mati\u00e8re d\u2019am\u00e9nagement et de d\u00e9veloppement du territoire. Il d\u00e9crit la vision politique du territoire pour 2040 et fixe les grands objectifs strat\u00e9giques pour y parvenir. Il s\u2019agit d\u2019un \u00e9l\u00e9ment charni\u00e8re entre les enjeux identifi\u00e9s dans le diagnostic et la prise de mesures concr\u00e8tes. En effet, le document d\u2019orientations et d\u2019objectifs viendra par la suite donner les r\u00e9ponses techniques n\u00e9cessaires \u00e0 la r\u00e9alisation du projet politique traduit par le PADD.<\/p>\n\n\n\n<ul class=\"wp-block-list\">\n<li>Choix fondateur A : <strong>UN TERRITOIRE VECTEUR D\u2019IMAGES ATTRACTIVES<\/strong><\/li>\n\n\n\n<li>Choix fondateur B : <strong>UN TERRITOIRE ATTENTIF A SES RESSOURCES ET SES FRAGILIT\u00c9S POUR \u00caTRE MOTEUR D\u2019INNOVATION<\/strong><\/li>\n\n\n\n<li>Choix fondateur C : <strong>UN TERRITOIRE MULTIMODAL AUX D\u00c9PLACEMENTS FLUIDIFIES<\/strong><\/li>\n\n\n\n<li>Choix fondateur D : <strong>UN TERRITOIRE QUI FAIT SOCI\u00c9T\u00c9<\/strong><\/li>\n<\/ul>\n\n\n\n<p><a href=\"http:\/\/www.scot-biterrois.fr\/DATA\/PADD-%20App.03-07-2023.pdf\" target=\"_blank\" rel=\"noreferrer noopener\">T\u00e9l\u00e9charger le PADD<\/a><\/p>\n\n\n\n<h2 class=\"wp-block-heading\">3 &#8211; Le Document d\u2019Orientation et d\u2019Objectifs<\/h2>\n\n\n\n<p>Il d\u00e9termine les orientations g\u00e9n\u00e9rales et constitue le \u00ab r\u00e8glement \u00bb. Il permet la traduction concr\u00e8te du Projet d\u2019Am\u00e9nagement et de D\u00e9veloppement Durable, et lui conf\u00e8re une valeur prescriptive.<\/p>\n\n\n\n<p>Ces 4 choix politiques retenus dans le PADD, ont permis de faire \u00e9merger des orientations traduites dans les Documents d\u2019Orientation et d\u2019Objectifs et d\u2019Am\u00e9nagement Artisanal et Commercial.<\/p>\n\n\n\n<p>Le DOO s\u2019articule donc autour des 4 choix fondateurs du PADD:<\/p>\n\n\n\n<ul class=\"wp-block-list\">\n<li>Choix fondateur A : <strong>UN TERRITOIRE VECTEUR D\u2019IMAGES ATTRACTIVES<\/strong><\/li>\n\n\n\n<li>Choix fondateur B : <strong>UN TERRITOIRE ATTENTIF A SES RESSOURCES ET SES FRAGILIT\u00c9S POUR \u00caTRE MOTEUR D\u2019INNOVATION<\/strong><\/li>\n\n\n\n<li>Choix fondateur C : <strong>UN TERRITOIRE MULTIMODAL AUX D\u00c9PLACEMENTS FLUIDIFIES<\/strong><\/li>\n\n\n\n<li>Choix fondateur D : <strong>UN TERRITOIRE QUI FAIT SOCI\u00c9T\u00c9<\/strong><\/li>\n<\/ul>\n\n\n\n<p>Le DAAC fixe des r\u00e8gles sp\u00e9cifiques les implantations commerciales pour trois types de situations :<\/p>\n\n\n\n<ul class=\"wp-block-list\">\n<li>Les localisations pr\u00e9f\u00e9rentielles de centralit\u00e9<\/li>\n\n\n\n<li>Localisations pr\u00e9f\u00e9rentielles de p\u00e9riph\u00e9rie<\/li>\n\n\n\n<li>En dehors des localisation pr\u00e9f\u00e9rentielles<\/li>\n<\/ul>\n\n\n\n<p><a href=\"http:\/\/www.scot-biterrois.fr\/DATA\/DOO%20-%20App.03-07-2023.pdf\" target=\"_blank\" rel=\"noreferrer noopener\">T\u00e9l\u00e9charger le DOO<\/a><br><a href=\"http:\/\/www.scot-biterrois.fr\/DATA\/annexe%20DOO%20-%20Atlas%20carto_O.A3%20TVB-%20App.03-07-2023.pdf\" target=\"_blank\" rel=\"noreferrer noopener\">T\u00e9l\u00e9charger la TVB (annexe cartographique du DOO)<\/a><br><a href=\"http:\/\/www.scot-biterrois.fr\/DATA\/DOO%20-%20Atlas%20carto_O.B9%20LoiLittoral_-%20App.03-07-2023.pdf\" target=\"_blank\" rel=\"noreferrer noopener\">T\u00e9l\u00e9charger l&rsquo;atlas cartographique de la traduction de la loi littoral (annexe du DOO)<\/a><br><a href=\"http:\/\/www.scot-biterrois.fr\/DATA\/DAAC%20avec%20pi%C3%A8ces%20graphiques%20-%20App.03-07-2023.pdf\" target=\"_blank\" rel=\"noreferrer noopener\">T\u00e9l\u00e9charger le DAAC<\/a><\/p>\n","protected":false},"excerpt":{"rendered":"<p>Le p\u00e9rim\u00e8tre du SCoT du Biterrois a \u00e9t\u00e9 fix\u00e9 par arr\u00eat\u00e9 Pr\u00e9fectoral le 11 juin 2003. Ce territoire rassemble 87 communes, int\u00e9gr\u00e9es au sein de cinq \u00c9tablissements Publics de Coop\u00e9ration Intercommunale. Ce bassin de vie se situe \u00e0 l\u2019Ouest du d\u00e9partement de l\u2019H\u00e9rault, et rassemble 280 000 habitants. Il s\u2019\u00e9tend du Parc Naturel R\u00e9gional du [&hellip;]<\/p>\n","protected":false},"author":1,"featured_media":0,"parent":0,"menu_order":0,"comment_status":"closed","ping_status":"closed","template":"","meta":{"footnotes":""},"class_list":["post-91","page","type-page","status-publish","hentry"],"_links":{"self":[{"href":"https:\/\/www.scot-biterrois.fr\/index.php\/wp-json\/wp\/v2\/pages\/91","targetHints":{"allow":["GET"]}}],"collection":[{"href":"https:\/\/www.scot-biterrois.fr\/index.php\/wp-json\/wp\/v2\/pages"}],"about":[{"href":"https:\/\/www.scot-biterrois.fr\/index.php\/wp-json\/wp\/v2\/types\/page"}],"author":[{"embeddable":true,"href":"https:\/\/www.scot-biterrois.fr\/index.php\/wp-json\/wp\/v2\/users\/1"}],"replies":[{"embeddable":true,"href":"https:\/\/www.scot-biterrois.fr\/index.php\/wp-json\/wp\/v2\/comments?post=91"}],"version-history":[{"count":6,"href":"https:\/\/www.scot-biterrois.fr\/index.php\/wp-json\/wp\/v2\/pages\/91\/revisions"}],"predecessor-version":[{"id":221,"href":"https:\/\/www.scot-biterrois.fr\/index.php\/wp-json\/wp\/v2\/pages\/91\/revisions\/221"}],"wp:attachment":[{"href":"https:\/\/www.scot-biterrois.fr\/index.php\/wp-json\/wp\/v2\/media?parent=91"}],"curies":[{"name":"wp","href":"https:\/\/api.w.org\/{rel}","templated":true}]}}